 -o. Suppose z*f = 5*r + 102, 0 = -4*r + 8*r - 8. What is the remainder when f is divided by 15?
11
Let y be ((-16)/(-6))/(2/27 - 0). Suppose y = 4*t + 2*w - 6*w, t = -3*w + 29. Calculate the remainder when 66 is divided by t.
10
Let m(n) be the first derivative of 7*n**2/2 + 8*n - 5. What is the remainder when m(2) is divided by 6?
4
Let u(z) = 4*z**3 - 16*z - 3. What is the remainder when 212 is divided by u(3)?
41
Suppose 0 = -2*x + 2*r - 3*r + 41, -x - 5*r = -43. Calculate the remainder when 117 is divided by x.
9
Let l be (28/(-21))/(8/(-6)). Let a(w) = 10*w**3 + w - 1. Calculate the remainder when 39 is divided by a(l).
9
Let w(l) = l + 2. Let m be w(-5). Let y be 1 - ((-1 - -3) + m). What is the remainder when (55 - 1 - -3) + y is divided by 15?
14
Let p(u) = -u**3 + 6*u**2 - 4*u + 3. Let h = -743 + 950. Calculate the remainder when h is divided by p(4).
17
Suppose -5*p + p + 496 = -5*b, 5*b + 2*p + 472 = 0. Let i = -19 - b. What is the remainder when i is divided by 20?
17
Suppose -15 + 93 = -2*c. Let l = c + 54. What is the remainder when (-88)/(-2) - (2 - 1) is divided by l?
13
Let w = 939 + -874. Calculate the remainder when 258 is divided by w.
63
Suppose -3*n - 9 = r, -5*r + 5 = -2*n - 1. Suppose -m - 5*g + 118 + 21 = r, 5*m + g = 575. What is the remainder when m is divided by 13?
10
Let j(p) = -3*p**3 + 28*p**2 + 19*p + 16. Calculate the remainder when 796 is divided by j(10).
4
Let x(d) = -15*d - 25. Suppose -b + 1 = -10. Calculate the remainder when b is divided by x(-2).
1
Suppose 0 = -3*y + 38 + 73. Let f = -8 + y. Calculate the remainder when f is divided by 10.
9
Let v = 60 - 17. Let j = v + -30. What is the remainder when (-4 + 7)*64/3 is divided by j?
12
Suppose 5*n - 5*u - 30 = 0, -5*n - 8 = u - 62. Let i = 0 + 3. Suppose 5*z = 2*g + 98, 41 = 3*z - i*g - 25. Calculate the remainder when z is divided by n.
8
Let s = -245 + 264. Calculate the remainder when s is divided by 11.
8
Let c(l) = 2*l**3 + 66*l**2 + 62*l - 26. Calculate the remainder when 54 is divided by c(-32).
16
Let r = 20 + -3. Let n(t) = -t**2 - 31*t + 148. What is the remainder when r + 0 - (-2)/(-1) is divided by n(-35)?
7
Suppose -140 = -3*l - h, 2*l - 3*h = -4*h + 95. Let s = 79 - l. What is the remainder when s is divided by 19?
15
Let u = 158 - 118. What is the remainder when 199 is divided by u?
39
Let l(b) = 5*b**3 + 8*b**2 - 8*b - 7. Let t(z) = 4*z**3 + 8*z**2 - 8*z - 7. Let d(m) = 5*l(m) - 6*t(m). Calculate the remainder when 38 is divided by d(7).
10
Suppose -c - 6*r = -10*r + 6, 4*c - 3*r = 41. Calculate the remainder when -1*1 + 0 - -26 is divided by c.
11
Suppose -5*v = -2 - 13. Suppose 0 = -p + t + 7, 7*p - 11*p + 8 = t. Calculate the remainder when p is divided by v.
0
Let i be 5/(0 - (-4)/12). Suppose -4*o + i = -5. Let v = 12 + -1. Calculate the remainder when v is divided by o.
1
Let a(f) = -f**2 + f + 11. Let l be a(0). Let n = -48 - -66. Suppose -l = -h + n. What is the remainder when h is divided by 16?
13
Let y(f) = -2*f**3 + 19*f**2 - 33*f - 1. What is the remainder when 210 is divided by y(6)?
51
Let o be 75/(-3)*3/3. Let k be (-4)/(-10) + (-240)/o. Let v = 19 - k. Calculate the remainder when 16 is divided by v.
7
Suppose -15 = 19*x - 22*x. Let k = 33 - 9. Calculate the remainder when k is divided by x.
4
Let q(n) = n**3 + 14*n**2 - 14*n + 24. Calculate the remainder when 204 is divided by q(-15).
6
Suppose 0 = k - 3, 5*r = 9*r + 5*k - 1247. What is the remainder when r is divided by 99?
11
What is the remainder when 183 is divided by (-1)/(-1)*(-99)/((-6)/2)?
18
Let l = -232 - -249. What is the remainder when 32 is divided by l?
15
Let q = -914 + 957. Calculate the remainder when 295 is divided by q.
37
Suppose -3*v + 7*v + 12 = 0. Let c be (-6)/14 - 80/(-56). What is the remainder when 46 is divided by (-3)/v*12*c?
10
Let w(x) be the first derivative of -x**3/3 - 4*x**2 + 3. Suppose -s = 4*s - 60. What is the remainder when s is divided by w(-7)?
5
Suppose 3*j - 279 = -4*h, 0*h + 366 = 5*h - 2*j. What is the remainder when h is divided by 19?
15
Suppose -13 = -u - 7. Suppose 2*c = 2*r + 12, -u*c + c + 66 = 4*r. Let g = c - 6. What is the remainder when g is divided by 1?
0
Let s = -327 + 343. What is the remainder when s is divided by 10?
6
Let b = 9 + -5. Suppose -3*n + b*d = -6, 4*n = -0*n + 5*d + 9. Let m(k) = -4*k**3 - 2*k**2 + k - 1. What is the remainder when m(-2) is divided by n?
3
Suppose g = 5*g + 5*b + 19, -2*g - 11 = 3*b. Let d(u) = -67*u - 4. What is the remainder when d(g) is divided by 16?
15
Suppose -164*i + 161*i = -213. What is the remainder when 423 is divided by i?
68
Let o be 18/72 - (-31)/4. Suppose -5*c - 5*d - 45 = 0, -4*c + 2*c = -5*d - 17. What is the remainder when 65 is divided by ((-68)/o)/(2/c)?
14
Let p = 13 - 9. Suppose -p*j + 3*j + 53 = 4*l, -3 = -3*l. Calculate the remainder when j is divided by 25.
24
Let o = 59 + -53. Let l be ((-3)/(-2))/((-6)/(-16)). Let k = l + -2. What is the remainder when o is divided by k?
0
Let h(u) = -u**3 + 5*u**2 - 3*u - 2. Let r be h(4). Suppose -r + 9 = t. Calculate the remainder when 27 is divided by t.
6
Let l(g) = -41*g - 1869. Let d(n) = 3*n**2 + 2*n + 4. What is the remainder when d(4) is divided by l(-46)?
9
Let z(o) = 2*o + 1. Let j be z(-3). Calculate the remainder when 69 is divided by (-10 - (1 + j))*-4.
21
What is the remainder when 117 is divided by (-7)/((-105)/310)*3?
55
Let o(f) = -f**2 - 49*f + 142. What is the remainder when 553 is divided by o(-51)?
33
Let s(q) = q**3 + q - 1. Let g be s(0). Suppose -4*i = 4*x + x - 415, -422 = -4*i + 2*x. Calculate the remainder when i is divided by (3 - (1 + g)) + 33.
33
Let i = 11 + 49. Suppose 4*c - 2*c - 32 = 0. What is the remainder when i is divided by c?
12
Suppose 4*q - 1694 = 10*l - 15*l, 0 = -l + q + 337. What is the remainder when l is divided by 19?
15
Let g(k) = k**3 - 8*k**2 + 7*k - 13. Let s be g(6). Let y = s + 93. What is the remainder when y is divided by 18?
14
Suppose a + u - 389 = 0, -8*u - 743 = -2*a - 3*u. What is the remainder when a is divided by 11?
10
Suppose -j - j + 4 = 0. Suppose -j*a = -a - 13. Suppose l - a = -0*l. Calculate the remainder when 49 is divided by l.
10
Suppose 0 = -10803*i + 10800*i + 18. What is the remainder when 87 is divided by i?
3
Let n(x) = -7*x + 19. Calculate the remainder when 19 is divided by n(1).
7
Suppose 3*k - x = 100, -2*k = -4*x - 38 - 22. What is the remainder when 56 is divided by k?
22
Suppose 8*b - 60 = 11*b. Let j(c) = 2*c - 5. Calculate the remainder when j(10) is divided by -2 - b/4 - -5.
7
Let j be ((-22)/(-4))/((-13)/(-78)). Let z = j - 16. Suppose 8*p - 3*p = 10, 5*p = -h + z. What is the remainder when 10 is divided by h?
3
Let k(p) = 4*p**2 - 2*p + 3. Suppose -2*u - 3*u = 4*m - 36, -4*u - 5*m + 36 = 0. Suppose -u*c + 28 = -20. Calculate the remainder when k(3) is divided by c.
9
Let q = 87 - 22. Let s = q + -192. What is the remainder when (-9)/(-18) - s/2 is divided by 22?
20
Let f = 1257 - 1144. What is the remainder when f is divided by 9?
5
Let n(s) = 4*s**3 + 7*s**2 - 3*s + 12. Let q(z) = 5*z**3 + 7*z**2 - 4*z + 11. Let c(o) = 4*n(o) - 3*q(o). What is the remainder when c(-7) is divided by 12?
3
Let u(v) = v**2 + 5*v + 9. Let x = -3 - -8. Suppose -h = -x*a - 33, -15 = -5*h - 3*a + 10. What is the remainder when u(-7) is divided by h?
7
Let q(d) = -3*d**2 + d + 9. Let t(l) = -7*l**2 + l + 18. Let c(r) = 5*q(r) - 2*t(r). What is the remainder when 18 is divided by c(4)?
3
Suppose 4*l - 8 + 4 = 0. Let i be (1 - 1)/(0 - -2). Suppose i = 4*n - 4 - 4. Calculate the remainder when n is divided by l.
0
Let j(z) = -2*z**3 + 24*z**2 + 6*z + 8. What is the remainder when 238 is divided by j(12)?
78
Let p be (-692)/(-3) - (-1)/3. Suppose -4*v + 8*d - 3*d + p = 0, 0 = 5*v + 2*d - 330. Let u = v + -19. Calculate the remainder when u is divided by 12.
9
Let w(n) = n**2 + 3*n + 1. Calculate the remainder when (-10)/(-6)*(-4896)/(-240) is divided by w(-4).
4
Let w(g) be the third derivative of -g**4/24 - 7*g**3/3 + 10*g**2. Calculate the remainder when ((-6)/8)/((-2)/24) is divided by w(-16).
1
Suppose -35*u + 32*u = -27. Calculate the remainder when 152 is divided by u.
8
Let j be (-151)/9 + 2/(-9). Let t(r) = -34*r + 6. Let v(o) = 102*o - 17. L